{"id":44141,"date":"2023-05-15T09:50:17","date_gmt":"2023-05-15T09:50:17","guid":{"rendered":"https:\/\/postermostra.com\/?post_type=portfolio_page&#038;p=44141"},"modified":"2023-05-15T09:50:17","modified_gmt":"2023-05-15T09:50:17","slug":"alberto-faria","status":"publish","type":"portfolio_page","link":"https:\/\/postermostra.com\/en\/portfolio_page\/alberto-faria\/","title":{"rendered":"Alberto Faria"},"content":{"rendered":"<div class=\"wpb-content-wrapper\"><p>[vc_row css_animation=&#8221;&#8221; row_type=&#8221;row&#8221; use_row_as_full_screen_section=&#8221;no&#8221; type=&#8221;full_width&#8221; angled_section=&#8221;no&#8221; text_align=&#8221;left&#8221; background_image_as_pattern=&#8221;without_pattern&#8221;][vc_column][vc_column_text]<img decoding=\"async\" class=\"alignnone wp-image-44315 size-medium lazyload\" data-src=\"https:\/\/postermostra.com\/wp-content\/uploads\/2023\/05\/ALBERTO-FARIA-1-600x600.jpg\" alt=\"\" width=\"600\" height=\"600\" data-srcset=\"https:\/\/postermostra.com\/wp-content\/uploads\/2023\/05\/ALBERTO-FARIA-1-600x600.jpg 600w, https:\/\/postermostra.com\/wp-content\/uploads\/2023\/05\/ALBERTO-FARIA-1-700x700.jpg 700w, https:\/\/postermostra.com\/wp-content\/uploads\/2023\/05\/ALBERTO-FARIA-1-100x100.jpg 100w, https:\/\/postermostra.com\/wp-content\/uploads\/2023\/05\/ALBERTO-FARIA-1-200x200.jpg 200w, https:\/\/postermostra.com\/wp-content\/uploads\/2023\/05\/ALBERTO-FARIA-1-768x768.jpg 768w, https:\/\/postermostra.com\/wp-content\/uploads\/2023\/05\/ALBERTO-FARIA-1-570x570.jpg 570w, https:\/\/postermostra.com\/wp-content\/uploads\/2023\/05\/ALBERTO-FARIA-1-500x500.jpg 500w, https:\/\/postermostra.com\/wp-content\/uploads\/2023\/05\/ALBERTO-FARIA-1.jpg 950w\" data-sizes=\"(max-width: 600px) 100vw, 600px\" src=\"data:image\/svg+xml;base64,PHN2ZyB3aWR0aD0iMSIgaGVpZ2h0PSIxIiB4bWxucz0iaHR0cDovL3d3dy53My5vcmcvMjAwMC9zdmciPjwvc3ZnPg==\" style=\"--smush-placeholder-width: 600px; --smush-placeholder-aspect-ratio: 600\/600;\" \/><\/p>\n<h1>Alberto Faria<\/h1>\n<h2><b>Adman and Illustrator<\/b><\/h2>\n<p><strong><a href=\"https:\/\/www.facebook.com\/alberto.faria.96558\" target=\"_blank\" rel=\"noopener\">facebook<\/a> | <a href=\"https:\/\/www.instagram.com\/a1bertofaria\/\" target=\"_blank\" rel=\"noopener\">instagram<\/a><\/strong><\/p>\n<p>&nbsp;<\/p>\n<p><span style=\"font-weight: 400;\">He is an illustrator and art director at the advertising agency BBDO Portugal. He has worked for other agencies such as Brandia, Fuel, Havas, TBWA, and Young &amp; Rubicam, and illustrated for publications such as Di\u00e1rio de Not\u00edcias, Elle, Ler, Evas\u00f5es, Observador Lifestyle, P\u00fablico, Revista Up, Volta ao Mundo, and publishers like Abysmo, Caminho, Cotovia, Gailivro, F\u00e1bula and Zero a Oito. He was awarded at some of the main national and international advertising festivals and was the author of award-winning sardines at Festas de Lis<\/span><span style=\"font-weight: 400;\">boa in 2013, 2014 and 2015. He participated in more than 20 group exhibitions.<\/span><\/p>\n<p>&nbsp;<\/p>\n<h2>ALBERTO FARIA&#8217;S POSTER<\/h2>\n<p>&nbsp;<\/p>\n<p><img decoding=\"async\" class=\"alignnone wp-image-44312 size-full lazyload\" data-src=\"https:\/\/postermostra.com\/wp-content\/uploads\/2023\/05\/ALBERTO-FARIA.jpg\" alt=\"\" width=\"700\" height=\"1041\" data-srcset=\"https:\/\/postermostra.com\/wp-content\/uploads\/2023\/05\/ALBERTO-FARIA.jpg 700w, https:\/\/postermostra.com\/wp-content\/uploads\/2023\/05\/ALBERTO-FARIA-300x446.jpg 300w, https:\/\/postermostra.com\/wp-content\/uploads\/2023\/05\/ALBERTO-FARIA-600x892.jpg 600w, https:\/\/postermostra.com\/wp-content\/uploads\/2023\/05\/ALBERTO-FARIA-200x297.jpg 200w\" data-sizes=\"(max-width: 700px) 100vw, 700px\" src=\"data:image\/svg+xml;base64,PHN2ZyB3aWR0aD0iMSIgaGVpZ2h0PSIxIiB4bWxucz0iaHR0cDovL3d3dy53My5vcmcvMjAwMC9zdmciPjwvc3ZnPg==\" style=\"--smush-placeholder-width: 700px; --smush-placeholder-aspect-ratio: 700\/1041;\" \/>[\/vc_column_text][\/vc_column][\/vc_row]<\/p>\n<\/div>","protected":false},"excerpt":{"rendered":"<p>[vc_row css_animation=&#8221;&#8221; row_type=&#8221;row&#8221; use_row_as_full_screen_section=&#8221;no&#8221; type=&#8221;full_width&#8221; angled_section=&#8221;no&#8221; text_align=&#8221;left&#8221; background_image_as_pattern=&#8221;without_pattern&#8221;][vc_column][vc_column_text] Alberto Faria Adman and Illustrator facebook | instagram &nbsp; He is an&#8230;<\/p>\n","protected":false},"author":2,"featured_media":44316,"menu_order":164,"comment_status":"closed","ping_status":"closed","template":"","portfolio_category":[389],"portfolio_tag":[],"class_list":["post-44141","portfolio_page","type-portfolio_page","status-publish","has-post-thumbnail","hentry","portfolio_category-sandeman-winner-2023"],"acf":[],"publishpress_future_workflow_manual_trigger":{"enabledWorkflows":[]},"_links":{"self":[{"href":"https:\/\/postermostra.com\/en\/wp-json\/wp\/v2\/portfolio_page\/44141","targetHints":{"allow":["GET"]}}],"collection":[{"href":"https:\/\/postermostra.com\/en\/wp-json\/wp\/v2\/portfolio_page"}],"about":[{"href":"https:\/\/postermostra.com\/en\/wp-json\/wp\/v2\/types\/portfolio_page"}],"author":[{"embeddable":true,"href":"https:\/\/postermostra.com\/en\/wp-json\/wp\/v2\/users\/2"}],"replies":[{"embeddable":true,"href":"https:\/\/postermostra.com\/en\/wp-json\/wp\/v2\/comments?post=44141"}],"wp:featuredmedia":[{"embeddable":true,"href":"https:\/\/postermostra.com\/en\/wp-json\/wp\/v2\/media\/44316"}],"wp:attachment":[{"href":"https:\/\/postermostra.com\/en\/wp-json\/wp\/v2\/media?parent=44141"}],"wp:term":[{"taxonomy":"portfolio_category","embeddable":true,"href":"https:\/\/postermostra.com\/en\/wp-json\/wp\/v2\/portfolio_category?post=44141"},{"taxonomy":"portfolio_tag","embeddable":true,"href":"https:\/\/postermostra.com\/en\/wp-json\/wp\/v2\/portfolio_tag?post=44141"}],"curies":[{"name":"wp","href":"https:\/\/api.w.org\/{rel}","templated":true}]}}

<div class="wpb-content-wrapper"><p>[vc_row css_animation=&#8221;&#8221; row_type=&#8221;row&#8221; use_row_as_full_screen_section=&#8221;no&#8221; type=&#8221;full_width&#8221; angled_section=&#8221;no&#8221; text_align=&#8221;left&#8221; background_image_as_pattern=&#8221;without_pattern&#8221;][vc_column][vc_column_text]<img decoding="async" class="alignnone wp-image-44315 size-medium lazyload" data-src="https://postermostra.com/wp-content/uploads/2023/05/ALBERTO-FARIA-1-600x600.jpg" alt="" width="600" height="600" data-srcset="https://postermostra.com/wp-content/uploads/2023/05/ALBERTO-FARIA-1-600x600.jpg 600w, https://postermostra.com/wp-content/uploads/2023/05/ALBERTO-FARIA-1-700x700.jpg 700w, https://postermostra.com/wp-content/uploads/2023/05/ALBERTO-FARIA-1-100x100.jpg 100w, https://postermostra.com/wp-content/uploads/2023/05/ALBERTO-FARIA-1-200x200.jpg 200w, https://postermostra.com/wp-content/uploads/2023/05/ALBERTO-FARIA-1-768x768.jpg 768w, https://postermostra.com/wp-content/uploads/2023/05/ALBERTO-FARIA-1-570x570.jpg 570w, https://postermostra.com/wp-content/uploads/2023/05/ALBERTO-FARIA-1-500x500.jpg 500w, https://postermostra.com/wp-content/uploads/2023/05/ALBERTO-FARIA-1.jpg 950w" data-sizes="(max-width: 600px) 100vw, 600px" src="data:image/svg+xml;base64,PHN2ZyB3aWR0aD0iMSIgaGVpZ2h0PSIxIiB4bWxucz0iaHR0cDovL3d3dy53My5vcmcvMjAwMC9zdmciPjwvc3ZnPg==" style="--smush-placeholder-width: 600px; --smush-placeholder-aspect-ratio: 600/600;" /></p>
<h1>Alberto Faria</h1>
<h2><b>Adman and Illustrator</b></h2>
<p><strong><a href="https://www.facebook.com/alberto.faria.96558" target="_blank" rel="noopener">facebook</a> | <a href="https://www.instagram.com/a1bertofaria/" target="_blank" rel="noopener">instagram</a></strong></p>
<p>&nbsp;</p>
<p><span style="font-weight: 400;">He is an illustrator and art director at the advertising agency BBDO Portugal. He has worked for other agencies such as Brandia, Fuel, Havas, TBWA, and Young &amp; Rubicam, and illustrated for publications such as Diário de Notícias, Elle, Ler, Evasões, Observador Lifestyle, Público, Revista Up, Volta ao Mundo, and publishers like Abysmo, Caminho, Cotovia, Gailivro, Fábula and Zero a Oito. He was awarded at some of the main national and international advertising festivals and was the author of award-winning sardines at Festas de Lis</span><span style="font-weight: 400;">boa in 2013, 2014 and 2015. He participated in more than 20 group exhibitions.</span></p>
<p>&nbsp;</p>
<h2>ALBERTO FARIA&#8217;S POSTER</h2>
<p>&nbsp;</p>
<p><img decoding="async" class="alignnone wp-image-44312 size-full lazyload" data-src="https://postermostra.com/wp-content/uploads/2023/05/ALBERTO-FARIA.jpg" alt="" width="700" height="1041" data-srcset="https://postermostra.com/wp-content/uploads/2023/05/ALBERTO-FARIA.jpg 700w, https://postermostra.com/wp-content/uploads/2023/05/ALBERTO-FARIA-300x446.jpg 300w, https://postermostra.com/wp-content/uploads/2023/05/ALBERTO-FARIA-600x892.jpg 600w, https://postermostra.com/wp-content/uploads/2023/05/ALBERTO-FARIA-200x297.jpg 200w" data-sizes="(max-width: 700px) 100vw, 700px" src="data:image/svg+xml;base64,PHN2ZyB3aWR0aD0iMSIgaGVpZ2h0PSIxIiB4bWxucz0iaHR0cDovL3d3dy53My5vcmcvMjAwMC9zdmciPjwvc3ZnPg==" style="--smush-placeholder-width: 700px; --smush-placeholder-aspect-ratio: 700/1041;" />[/vc_column_text][/vc_column][/vc_row]</p>
</div>
