{"id":5138,"date":"2019-05-30T16:34:00","date_gmt":"2019-05-30T16:34:00","guid":{"rendered":"https:\/\/postermostra.com\/?post_type=portfolio_page&#038;p=5138"},"modified":"2019-05-30T16:34:34","modified_gmt":"2019-05-30T16:34:34","slug":"arlindo-camacho","status":"publish","type":"portfolio_page","link":"https:\/\/postermostra.com\/en\/portfolio_page\/arlindo-camacho\/","title":{"rendered":"Arlindo Camacho"},"content":{"rendered":"<div class=\"wpb-content-wrapper\"><p>[vc_row][vc_column][vc_column_text]<\/p>\n<h1><a href=\"https:\/\/postermostra.com\/wp-content\/uploads\/2019\/05\/Arlindo-Camacho.jpeg\"><img decoding=\"async\" class=\"alignnone wp-image-4924 lazyload\" data-src=\"https:\/\/postermostra.com\/wp-content\/uploads\/2019\/05\/Arlindo-Camacho.jpeg\" alt=\"\" width=\"434\" height=\"434\" src=\"data:image\/svg+xml;base64,PHN2ZyB3aWR0aD0iMSIgaGVpZ2h0PSIxIiB4bWxucz0iaHR0cDovL3d3dy53My5vcmcvMjAwMC9zdmciPjwvc3ZnPg==\" style=\"--smush-placeholder-width: 434px; --smush-placeholder-aspect-ratio: 434\/434;\" \/><\/a><\/h1>\n<h1>Arlindo Camacho<\/h1>\n<h2>Photographer<\/h2>\n<p><strong><a href=\"https:\/\/www.arlindocamacho.com\/\" target=\"_blank\" rel=\"noopener\">website<\/a>\u00a0| <a href=\"https:\/\/www.facebook.com\/arlindo.camacho\" target=\"_blank\" rel=\"noopener\">facebook<\/a> |\u00a0<a href=\"https:\/\/www.instagram.com\/arlindocamachoph\/\" target=\"_blank\" rel=\"noopener\">instagram<\/a><\/strong><\/p>\n<p>&nbsp;<\/p>\n<p>Freelance photographer, Arlindo Camacho took his photography course in 2004, and then joined the Professional Photography Course at IPF.<\/p>\n<p>&nbsp;<\/p>\n<p>Always as a freelancer, he started in Di\u00e1rio de Not\u00edcias and currently collaborates with some national and international media, such as Vis\u00e3o magazine and Time Out Magazine, where he publishes regularly.<\/p>\n<p>&nbsp;<\/p>\n<p>In the past years, he&#8217;s been working increasingly with various musicians and national bands, from the creation of the image for their albums to the accompaniment in concerts and the development of their video clips.<\/p>\n<p>&nbsp;<\/p>\n<p>Since 2008, he has been developing a documentary project at Moda Lisboa, picturing the panorama of national fashion under his perspective, a work that has been showed in the various editions of the Workstation. He is one of the official photographers of the festival Nos Alive since 2015.[\/vc_column_text][\/vc_column][\/vc_row]<\/p>\n<\/div>","protected":false},"excerpt":{"rendered":"<p>[vc_row][vc_column][vc_column_text] Arlindo Camacho Photographer website\u00a0| facebook |\u00a0instagram &nbsp; Freelance photographer, Arlindo Camacho took his photography course in 2004, and then&#8230;<\/p>\n","protected":false},"author":2,"featured_media":4925,"menu_order":525,"comment_status":"closed","ping_status":"open","template":"","portfolio_category":[95],"portfolio_tag":[],"class_list":["post-5138","portfolio_page","type-portfolio_page","status-publish","has-post-thumbnail","hentry","portfolio_category-convidados-2019-en"],"acf":[],"publishpress_future_workflow_manual_trigger":{"enabledWorkflows":[]},"_links":{"self":[{"href":"https:\/\/postermostra.com\/en\/wp-json\/wp\/v2\/portfolio_page\/5138","targetHints":{"allow":["GET"]}}],"collection":[{"href":"https:\/\/postermostra.com\/en\/wp-json\/wp\/v2\/portfolio_page"}],"about":[{"href":"https:\/\/postermostra.com\/en\/wp-json\/wp\/v2\/types\/portfolio_page"}],"author":[{"embeddable":true,"href":"https:\/\/postermostra.com\/en\/wp-json\/wp\/v2\/users\/2"}],"replies":[{"embeddable":true,"href":"https:\/\/postermostra.com\/en\/wp-json\/wp\/v2\/comments?post=5138"}],"wp:featuredmedia":[{"embeddable":true,"href":"https:\/\/postermostra.com\/en\/wp-json\/wp\/v2\/media\/4925"}],"wp:attachment":[{"href":"https:\/\/postermostra.com\/en\/wp-json\/wp\/v2\/media?parent=5138"}],"wp:term":[{"taxonomy":"portfolio_category","embeddable":true,"href":"https:\/\/postermostra.com\/en\/wp-json\/wp\/v2\/portfolio_category?post=5138"},{"taxonomy":"portfolio_tag","embeddable":true,"href":"https:\/\/postermostra.com\/en\/wp-json\/wp\/v2\/portfolio_tag?post=5138"}],"curies":[{"name":"wp","href":"https:\/\/api.w.org\/{rel}","templated":true}]}}

<div class="wpb-content-wrapper"><p>[vc_row][vc_column][vc_column_text]</p>
<h1><a href="https://postermostra.com/wp-content/uploads/2019/05/Arlindo-Camacho.jpeg"><img decoding="async" class="alignnone wp-image-4924 lazyload" data-src="https://postermostra.com/wp-content/uploads/2019/05/Arlindo-Camacho.jpeg" alt="" width="434" height="434" src="data:image/svg+xml;base64,PHN2ZyB3aWR0aD0iMSIgaGVpZ2h0PSIxIiB4bWxucz0iaHR0cDovL3d3dy53My5vcmcvMjAwMC9zdmciPjwvc3ZnPg==" style="--smush-placeholder-width: 434px; --smush-placeholder-aspect-ratio: 434/434;" /></a></h1>
<h1>Arlindo Camacho</h1>
<h2>Photographer</h2>
<p><strong><a href="https://www.arlindocamacho.com/" target="_blank" rel="noopener">website</a> | <a href="https://www.facebook.com/arlindo.camacho" target="_blank" rel="noopener">facebook</a> | <a href="https://www.instagram.com/arlindocamachoph/" target="_blank" rel="noopener">instagram</a></strong></p>
<p>&nbsp;</p>
<p>Freelance photographer, Arlindo Camacho took his photography course in 2004, and then joined the Professional Photography Course at IPF.</p>
<p>&nbsp;</p>
<p>Always as a freelancer, he started in Diário de Notícias and currently collaborates with some national and international media, such as Visão magazine and Time Out Magazine, where he publishes regularly.</p>
<p>&nbsp;</p>
<p>In the past years, he&#8217;s been working increasingly with various musicians and national bands, from the creation of the image for their albums to the accompaniment in concerts and the development of their video clips.</p>
<p>&nbsp;</p>
<p>Since 2008, he has been developing a documentary project at Moda Lisboa, picturing the panorama of national fashion under his perspective, a work that has been showed in the various editions of the Workstation. He is one of the official photographers of the festival Nos Alive since 2015.[/vc_column_text][/vc_column][/vc_row]</p>
</div>
