{"id":52294,"date":"2024-05-08T17:43:19","date_gmt":"2024-05-08T17:43:19","guid":{"rendered":"https:\/\/postermostra.com\/portfolio_page\/poets-and-painters\/"},"modified":"2024-05-27T16:46:10","modified_gmt":"2024-05-27T16:46:10","slug":"poets-and-painters","status":"publish","type":"portfolio_page","link":"https:\/\/postermostra.com\/en\/portfolio_page\/poets-and-painters\/","title":{"rendered":"Poets &#038; Painters"},"content":{"rendered":"<div class=\"wpb-content-wrapper\"><p>[vc_row css_animation=&#8221;&#8221; row_type=&#8221;row&#8221; use_row_as_full_screen_section=&#8221;no&#8221; type=&#8221;full_width&#8221; angled_section=&#8221;no&#8221; text_align=&#8221;left&#8221; background_image_as_pattern=&#8221;without_pattern&#8221;][vc_column][vc_column_text]<img decoding=\"async\" class=\"alignnone wp-image-52271 size-medium lazyload\" data-src=\"https:\/\/postermostra.com\/wp-content\/uploads\/2024\/05\/POETS-AND-PAINTERS-600x600.png\" alt=\"\" width=\"600\" height=\"600\" data-srcset=\"https:\/\/postermostra.com\/wp-content\/uploads\/2024\/05\/POETS-AND-PAINTERS-600x600.png 600w, https:\/\/postermostra.com\/wp-content\/uploads\/2024\/05\/POETS-AND-PAINTERS-200x200.png 200w, https:\/\/postermostra.com\/wp-content\/uploads\/2024\/05\/POETS-AND-PAINTERS-768x768.png 768w, https:\/\/postermostra.com\/wp-content\/uploads\/2024\/05\/POETS-AND-PAINTERS-570x570.png 570w, https:\/\/postermostra.com\/wp-content\/uploads\/2024\/05\/POETS-AND-PAINTERS-500x500.png 500w, https:\/\/postermostra.com\/wp-content\/uploads\/2024\/05\/POETS-AND-PAINTERS-700x700.png 700w, https:\/\/postermostra.com\/wp-content\/uploads\/2024\/05\/POETS-AND-PAINTERS-100x100.png 100w, https:\/\/postermostra.com\/wp-content\/uploads\/2024\/05\/POETS-AND-PAINTERS.png 1000w\" data-sizes=\"(max-width: 600px) 100vw, 600px\" src=\"data:image\/svg+xml;base64,PHN2ZyB3aWR0aD0iMSIgaGVpZ2h0PSIxIiB4bWxucz0iaHR0cDovL3d3dy53My5vcmcvMjAwMC9zdmciPjwvc3ZnPg==\" style=\"--smush-placeholder-width: 600px; --smush-placeholder-aspect-ratio: 600\/600;\" \/><\/p>\n<h1>Poets &amp; Painters<\/h1>\n<h2>Creative Studio<\/h2>\n<p><strong><a href=\"https:\/\/www.poetspainters.com\/\" target=\"_blank\" rel=\"noopener\">website<\/a> | <a href=\"https:\/\/www.instagram.com\/poets_painters\/\" target=\"_blank\" rel=\"noopener\">instagram<\/a><\/strong><\/p>\n<p>&nbsp;<\/p>\n<p><span style=\"font-weight: 400;\">Poets &amp; Painters is a design studio focused on different creative cultures, combining editorial creation with a new focus on brand strategy and design: institutional, commercial and cultural. The studio specializes in visual identity and brand culture, combining the power of words with the power of drawing. It is also a gallery and creative space, available for diverse and multidisciplinary activities. <\/span><span style=\"font-weight: 400;\">The creative direction of Poets &amp; Painters is the result of the union between Pedro Pires and independent designer Jos\u00e9 Mendes.<\/span><\/p>\n<p><span style=\"font-weight: 400;\"><a href=\"https:\/\/www.instagram.com\/peppas\/\" target=\"_blank\" rel=\"noopener\">Pedro Pires<\/a> has been a creative writer for 28 years. Faced with the task of being Creative Director from an early age, he developed loves and friendships in design and the visual arts. During this time, he has won numerous national and international awards, as well as being a regular jury member at the main design and advertising festivals. Founder of Poets &amp; Painters, he has been writing about communication since 2009 for Marketeer magazine and since 2019 for Gerador magazine. In 2022, he published the book &#8220;Os p\u00e9s n\u00e3o t\u00eam c\u00e9u&#8221; and in 2024 the book &#8220;Cosmogonia da Identidade&#8221;.<\/span><\/p>\n<p><span style=\"font-weight: 400;\"><a href=\"https:\/\/www.instagram.com\/suburbanofluvial\" target=\"_blank\" rel=\"noopener\">Jos\u00e9 Mendes <\/a><\/span><span style=\"font-weight: 400;\">is an independent graphic designer. He co-founded the MAGA studio. During his career he has developed projects for Solid Dogma, Ivity Brand Corp, Mola Ativism, Brandia, NovoDesign and BBDO Portugal. His work has been recognized with several awards and in various national and international publications. <\/span><span style=\"font-weight: 400;\">When he has time, he plays guitar in various musical projects.\u00a0<\/span><\/p>\n<p><span style=\"font-weight: 400;\">Working together for 25 years, P&amp;P&#8217;s creative direction duo has created some of the most important brand projects in Portugal, and has unique experience in directing identity design and communication projects.<\/span><\/p>\n<p>&nbsp;<\/p>\n<h2>POETS &amp; PAINTERS&#8217; POSTER<b><br \/>\n<\/b><\/h2>\n<p>&nbsp;<\/p>\n<p><img decoding=\"async\" class=\"alignnone size-medium wp-image-53444 lazyload\" data-src=\"https:\/\/postermostra.com\/wp-content\/uploads\/2024\/04\/Poets-Painters-600x892.jpg\" alt=\"\" width=\"600\" height=\"892\" data-srcset=\"https:\/\/postermostra.com\/wp-content\/uploads\/2024\/04\/Poets-Painters-600x892.jpg 600w, https:\/\/postermostra.com\/wp-content\/uploads\/2024\/04\/Poets-Painters-200x297.jpg 200w, https:\/\/postermostra.com\/wp-content\/uploads\/2024\/04\/Poets-Painters.jpg 700w\" data-sizes=\"(max-width: 600px) 100vw, 600px\" src=\"data:image\/svg+xml;base64,PHN2ZyB3aWR0aD0iMSIgaGVpZ2h0PSIxIiB4bWxucz0iaHR0cDovL3d3dy53My5vcmcvMjAwMC9zdmciPjwvc3ZnPg==\" style=\"--smush-placeholder-width: 600px; --smush-placeholder-aspect-ratio: 600\/892;\" \/>[\/vc_column_text][\/vc_column][\/vc_row]<\/p>\n<\/div>","protected":false},"excerpt":{"rendered":"<p>[vc_row css_animation=&#8221;&#8221; row_type=&#8221;row&#8221; use_row_as_full_screen_section=&#8221;no&#8221; type=&#8221;full_width&#8221; angled_section=&#8221;no&#8221; text_align=&#8221;left&#8221; background_image_as_pattern=&#8221;without_pattern&#8221;][vc_column][vc_column_text] Poets &amp; Painters Creative Studio website | instagram &nbsp; Poets &amp; Painters&#8230;<\/p>\n","protected":false},"author":2,"featured_media":52272,"menu_order":112,"comment_status":"closed","ping_status":"closed","template":"","portfolio_category":[414,413],"portfolio_tag":[],"class_list":["post-52294","portfolio_page","type-portfolio_page","status-publish","has-post-thumbnail","hentry","portfolio_category-guest-2024","portfolio_category-convidados-2024-en"],"acf":[],"publishpress_future_workflow_manual_trigger":{"enabledWorkflows":[]},"_links":{"self":[{"href":"https:\/\/postermostra.com\/en\/wp-json\/wp\/v2\/portfolio_page\/52294","targetHints":{"allow":["GET"]}}],"collection":[{"href":"https:\/\/postermostra.com\/en\/wp-json\/wp\/v2\/portfolio_page"}],"about":[{"href":"https:\/\/postermostra.com\/en\/wp-json\/wp\/v2\/types\/portfolio_page"}],"author":[{"embeddable":true,"href":"https:\/\/postermostra.com\/en\/wp-json\/wp\/v2\/users\/2"}],"replies":[{"embeddable":true,"href":"https:\/\/postermostra.com\/en\/wp-json\/wp\/v2\/comments?post=52294"}],"wp:featuredmedia":[{"embeddable":true,"href":"https:\/\/postermostra.com\/en\/wp-json\/wp\/v2\/media\/52272"}],"wp:attachment":[{"href":"https:\/\/postermostra.com\/en\/wp-json\/wp\/v2\/media?parent=52294"}],"wp:term":[{"taxonomy":"portfolio_category","embeddable":true,"href":"https:\/\/postermostra.com\/en\/wp-json\/wp\/v2\/portfolio_category?post=52294"},{"taxonomy":"portfolio_tag","embeddable":true,"href":"https:\/\/postermostra.com\/en\/wp-json\/wp\/v2\/portfolio_tag?post=52294"}],"curies":[{"name":"wp","href":"https:\/\/api.w.org\/{rel}","templated":true}]}}

<div class="wpb-content-wrapper"><p>[vc_row css_animation=&#8221;&#8221; row_type=&#8221;row&#8221; use_row_as_full_screen_section=&#8221;no&#8221; type=&#8221;full_width&#8221; angled_section=&#8221;no&#8221; text_align=&#8221;left&#8221; background_image_as_pattern=&#8221;without_pattern&#8221;][vc_column][vc_column_text]<img decoding="async" class="alignnone wp-image-52271 size-medium lazyload" data-src="https://postermostra.com/wp-content/uploads/2024/05/POETS-AND-PAINTERS-600x600.png" alt="" width="600" height="600" data-srcset="https://postermostra.com/wp-content/uploads/2024/05/POETS-AND-PAINTERS-600x600.png 600w, https://postermostra.com/wp-content/uploads/2024/05/POETS-AND-PAINTERS-200x200.png 200w, https://postermostra.com/wp-content/uploads/2024/05/POETS-AND-PAINTERS-768x768.png 768w, https://postermostra.com/wp-content/uploads/2024/05/POETS-AND-PAINTERS-570x570.png 570w, https://postermostra.com/wp-content/uploads/2024/05/POETS-AND-PAINTERS-500x500.png 500w, https://postermostra.com/wp-content/uploads/2024/05/POETS-AND-PAINTERS-700x700.png 700w, https://postermostra.com/wp-content/uploads/2024/05/POETS-AND-PAINTERS-100x100.png 100w, https://postermostra.com/wp-content/uploads/2024/05/POETS-AND-PAINTERS.png 1000w" data-sizes="(max-width: 600px) 100vw, 600px" src="data:image/svg+xml;base64,PHN2ZyB3aWR0aD0iMSIgaGVpZ2h0PSIxIiB4bWxucz0iaHR0cDovL3d3dy53My5vcmcvMjAwMC9zdmciPjwvc3ZnPg==" style="--smush-placeholder-width: 600px; --smush-placeholder-aspect-ratio: 600/600;" /></p>
<h1>Poets &amp; Painters</h1>
<h2>Creative Studio</h2>
<p><strong><a href="https://www.poetspainters.com/" target="_blank" rel="noopener">website</a> | <a href="https://www.instagram.com/poets_painters/" target="_blank" rel="noopener">instagram</a></strong></p>
<p>&nbsp;</p>
<p><span style="font-weight: 400;">Poets &amp; Painters is a design studio focused on different creative cultures, combining editorial creation with a new focus on brand strategy and design: institutional, commercial and cultural. The studio specializes in visual identity and brand culture, combining the power of words with the power of drawing. It is also a gallery and creative space, available for diverse and multidisciplinary activities. </span><span style="font-weight: 400;">The creative direction of Poets &amp; Painters is the result of the union between Pedro Pires and independent designer José Mendes.</span></p>
<p><span style="font-weight: 400;"><a href="https://www.instagram.com/peppas/" target="_blank" rel="noopener">Pedro Pires</a> has been a creative writer for 28 years. Faced with the task of being Creative Director from an early age, he developed loves and friendships in design and the visual arts. During this time, he has won numerous national and international awards, as well as being a regular jury member at the main design and advertising festivals. Founder of Poets &amp; Painters, he has been writing about communication since 2009 for Marketeer magazine and since 2019 for Gerador magazine. In 2022, he published the book &#8220;Os pés não têm céu&#8221; and in 2024 the book &#8220;Cosmogonia da Identidade&#8221;.</span></p>
<p><span style="font-weight: 400;"><a href="https://www.instagram.com/suburbanofluvial" target="_blank" rel="noopener">José Mendes </a></span><span style="font-weight: 400;">is an independent graphic designer. He co-founded the MAGA studio. During his career he has developed projects for Solid Dogma, Ivity Brand Corp, Mola Ativism, Brandia, NovoDesign and BBDO Portugal. His work has been recognized with several awards and in various national and international publications. </span><span style="font-weight: 400;">When he has time, he plays guitar in various musical projects. </span></p>
<p><span style="font-weight: 400;">Working together for 25 years, P&amp;P&#8217;s creative direction duo has created some of the most important brand projects in Portugal, and has unique experience in directing identity design and communication projects.</span></p>
<p>&nbsp;</p>
<h2>POETS &amp; PAINTERS&#8217; POSTER<b><br />
</b></h2>
<p>&nbsp;</p>
<p><img decoding="async" class="alignnone size-medium wp-image-53444 lazyload" data-src="https://postermostra.com/wp-content/uploads/2024/04/Poets-Painters-600x892.jpg" alt="" width="600" height="892" data-srcset="https://postermostra.com/wp-content/uploads/2024/04/Poets-Painters-600x892.jpg 600w, https://postermostra.com/wp-content/uploads/2024/04/Poets-Painters-200x297.jpg 200w, https://postermostra.com/wp-content/uploads/2024/04/Poets-Painters.jpg 700w" data-sizes="(max-width: 600px) 100vw, 600px" src="data:image/svg+xml;base64,PHN2ZyB3aWR0aD0iMSIgaGVpZ2h0PSIxIiB4bWxucz0iaHR0cDovL3d3dy53My5vcmcvMjAwMC9zdmciPjwvc3ZnPg==" style="--smush-placeholder-width: 600px; --smush-placeholder-aspect-ratio: 600/892;" />[/vc_column_text][/vc_column][/vc_row]</p>
</div>
